4?
4
What is the ten thousands digit of 2915558153?
5
What is the ten thousands digit of 2938072603?
7
What is the units digit of 15735331?
1
What is the ten millions digit of 3892761576?
9
What is the hundred thousands digit of 199106051?
1
What is the billions digit of 4156640299?
4
What is the hundred thousands digit of 586130572?
1
What is the millions digit of 166242064?
6
What is the units digit of 58800803?
3
What is the hundred millions digit of 313106961?
3
What is the hundred millions digit of 1914609060?
9
What is the hundred millions digit of 2218718208?
2
What is the hundred thousands digit of 537518339?
5
What is the millions digit of 84475479?
4
What is the ten thousands digit of 1520089778?
8
What is the hundreds digit of 75031873?
8
What is the tens digit of 28396715?
1
What is the units digit of 2331107513?
3
What is the thousands digit of 33133856?
3
What is the billions digit of 1704721029?
1
What is the thousands digit of 68303791?
3
What is the thousands digit of 296228992?
8
What is the hundreds digit of 1609966140?
1
What is the hundred millions digit of 1920559593?
9
What is the millions digit of 94360046?
4
What is the units digit of 2179669977?
7
What is the ten thousands digit of 740554256?
5
What is the hundreds digit of 139591390?
3
What is the hundred thousands digit of 97557536?
5
What is the ten thousands digit of 24907511?
0
What is the ten millions digit of 3246863777?
4
What is the thousands digit of 25792123?
2
What is the units digit of 112518269?
9
What is the hundred millions digit of 2274449868?
2
What is the thousands digit of 94459604?
9
What is the hundred thousands digit of 1537319484?
3
What is the ten thousands digit of 838299165?
9
What is the millions digit of 2431936997?
1
What is the ten thousands digit of 259133998?
3
What is the millions digit of 82977624?
2
What is the ten thousands digit of 16867713?
6
What is the units digit of 7423098?
8
What is the billions digit of 3063217911?
3
What is the millions digit of 6236100?
6
What is the thousands digit of 260656250?
6
What is the ten millions digit of 119934636?
1
What is the thousands digit of 51088130?
8
What is the ten millions digit of 466721561?
6
What is the millions digit of 3251348704?
1
What is the units digit of 5792839725?
5
What is the ten millions digit of 140514130?
4
What is the hundreds digit of 6602163091?
0
What is the ten millions digit of 23083439?
2
What is the thousands digit of 41628831?
8
What is the millions digit of 937398990?
7
What is the hundred thousands digit of 8403574?
4
What is the thousands digit of 125458624?
8
What is the units digit of 2737135486?
6
What is the thousands digit of 51172471?
2
What is the ten millions digit of 91869983?
9
What is the tens digit of 448826218?
1
What is the units digit of 321699687?
7
What is the hundreds digit of 86478227?
2
What is the thousands digit of 521679711?
9
What is the ten thousands digit of 336655?
3
What is the ten millions digit of 576817379?
7
What is the ten thousands digit of 15117022?
1
What is the hundred millions digit of 215310075?
2
What is the ten millions digit of 4140476140?
4
What is the ten thousands digit of 15853266?
5
What is the units digit of 16664096?
6
What is the millions digit of 99064886?
9
What is the billions digit of 1784490859?
1
What is the thousands digit of 188242498?
2
What is the units digit of 413338834?
4
What is the hundreds digit of 1114699175?
1
What is the ten thousands digit of 79171634?
7
What is the thousands digit of 261899110?
9
What is the hundred millions digit of 349458589?
3
What is the hundred thousands digit of 83353173?
3
What is the ten thousands digit of 391696261?
9
What is the millions digit of 59132954?
9
What is the tens digit of 7490347000?
0
What is the ten thousands digit of 992513825?
1
What is the ten millions digit of 1106912965?
0
What is the ten thousands digit of 71282285?
8
What is the units digit of 5490519?
9
What is the hundred thousands digit of 1767768003?
7
What is the millions digit of 173276678?
3
What is the millions digit of 812914873?
2
What is the tens digit of 76942253?
5
What is the units digit of 65777933?
3
What is the millions digit of 6533026847?
3
What is the millions digit of 195185909?
5
What is the tens digit of 849277077?
7
What is the tens digit of 6234245483?
8
What is the ten millions digit of 47768888?
4
What is the hundred millions digit of 563073602?
5
What is the millions digit of 19388018?
9
What is the hundreds digit of 56767105?
1
What is the hundred millions digit of 789870933?
7
What is the hundred thousands digit of 2692871602?
8
What is the tens digit of 492233573?
7
What is the hundred millions digit of 170112912?
1
What is the hundred millions digit of 108629440?
1
What is the hundred millions digit of 942810759?
9
What is the hundred thousands digit of 35944525?
9
What is the hundreds digit of 1753177383?
3
What is the hundreds digit of 484583660?
6
What is the ten millions digit of 98648619?
9
What is the tens digit of 112381359?
5
What is the units digit of 37678258?
8
What is the units digit of 5242644?
4
What is the units digit of 5126249?
9
What is the tens digit of 26683623?
2
What is the ten millions digit of 30174324?
3
What is the billions digit of 2511833422?
2
What is the hundreds digit of 91624458?
4
What is the millions digit of 339984796?
9
What is the tens digit of 730907156?
5
What is the tens digit of 129695511?
1
What is the tens digit of 330596887?
8
What is the hundred thousands digit of 446144788?
1
What is the hundred thousands digit of 447094285?
0
What is the ten thousands digit of 168381761?
8
What is the ten millions digit of 32266712?
3
What is the thousands digit of 571164170?
4
What is the ten thousands digit of 1837608941?
0
What is the millions digit of 89745540?
9
What is the millions digit of 12621690?
2
What is the units digit of 2630759230?
0
What is the hundred thousands digit of 421869363?
8
What is the ten millions digit of 55679871?
5
What is the millions digit of 139042493?
9
What is the units digit of 246167150?
0
What is the hundred millions digit of 313346883?
3
What is the ten millions digit of 330626957?
3
What is the units digit of 435827723?
3
What is the hundred millions digit of 3129457995?
1
What is the millions digit of 103266433?
3
What is the billions digit of 1681388959?
1
What is the hundred thousands digit of 65441173?
4
What is the hundred thousands digit of 5849239?
8
What is the hundreds digit of 54397895?
8
What is the millions digit of 204359884?
4
What is the ten thousands digit of 31319046?
1
What is the ten thousands digit of 189272206?
7
What is the hundred millions digit of 141342549?
1
What is the billions digit of 3368113566?
3
What is the tens digit of 357992541?
4
What is the hundred thousands digit of 8218890988?
8
What is the millions digit of 200453085?
0
What is the thousands digit of 37375691?
5
What is the hundred millions digit of 384015345?
3
What is the tens digit of 4430394944?
4
What is the ten millions digit of 154576845?
5
What is the tens digit of 819223863?
6
What is the millions digit of 28542864?
8
What is the ten thousands digit of 127383117?
8
What is the units digit of 175884197?
7
What is the ten millions digit of 4339721363?
3
What is the units digit of 4711363692?
2
What is the units digit of 15397122?
2
What is the units digit of 3493651578?
8
What is the hundred thousands digit of 316008220?
0
What is the ten thousands digit of 163418012?
1
What is the thousands digit of 172811929?
1
What is the hundreds digit of 30257011?
0
What is the units digit of 2345252?
2
What is the units digit of 41384823?
3
What is the hundred thousands digit of 772963896?
9
What is the ten thousands digit of 2963225?
6
What is the tens digit of 1932402177?
7
What is the tens digit of 406806198?
9
What is the thousands digit of 280716417?
6
What is the ten thousands digit of 297997977?
9
What is the tens digit of 571057461?
6
What is the tens digit of 460751987?
8
What is the tens digit of 153961795?
9
What is the units digit of 64615284?
4
What is the ten thousands digit of 2946438234?
3
What is the hundreds digit of 80205947?
9
What is the thousands digit of 690124362?
4
What is 